(base 6) to base 4
32032033
Convert 42a6 (base 11) to base 8.
13062
What is -2c90 (base 15) in base 4?
-2111301
What is 85c (base 15) in base 4?
131133
What is -75661 (base 8) in base 7?
-161214
1124323 (base 5) to base 14
7708
Convert -12a59 (base 14) to base 8.
-131567
Convert -16a7 (base 14) to base 11.
-3068
51 (base 15) to base 14
56
What is -4414 (base 8) in base 16?
-90c
Convert -5c3 (base 13) to base 5.
-13004
215 (base 8) to base 5
1031
242531 (base 7) to base 8
126213
Convert b77 (base 13) to base 11.
151a
-140323 (base 6) to base 10
-13083
-1020 (base 9) to base 10
-747
Convert -43422 (base 8) to base 4.
-10130102
3231 (base 5) to base 12
309
-2a0 (base 14) to base 12
-384
Convert 3132 (base 6) to base 4.
23000
-b8a (base 12) to base 11
-12a7
What is 12429 (base 11) in base 6?
214254
Convert 17341 (base 8) to base 14.
2c49
What is -132120 (base 6) in base 2?
-10111101110000
Convert 2077 (base 8) to base 13.
658
Convert 10011000010010100 (base 2) to base 7.
443216
ca7 (base 15) to base 6
21121
360 (base 9) to base 13
19b
-10111011110 (base 2) to base 10
-1502
Convert 221122 (base 4) to base 9.
3564
What is 4a3e (base 15) in base 4?
3313001
Convert 94 (base 13) to base 15.
81
What is -838 (base 14) in base 6?
-11254
What is 2106 (base 13) in base 8?
10731
Convert -5237 (base 8) to base 15.
-c14
-9b (base 13) to base 12
-a8
Convert 7483 (base 14) to base 5.
1120412
Convert 881 (base 10) to base 8.
1561
2221020 (base 3) to base 7
6144
Convert 262c (base 14) to base 2.
1101000110000
Convert -2256 (base 7) to base 6.
-3453
-1554 (base 8) to base 6
-4020
Convert -121022 (base 3) to base 2.
-110111000
Convert -1257 (base 9) to base 10.
-943
Convert 890 (base 15) to base 7.
5433
What is -334232 (base 6) in base 7?
-145064
Convert 39725 (base 11) to base 8.
156710
Convert -111002021 (base 3) to base 16.
-2542
Convert -100100001000 (base 2) to base 8.
-4410
Convert -1001111001110 (base 2) to base 4.
-1033032
-10122001 (base 3) to base 7
-10501
5821 (base 10) to base 13
285a
What is 316 (base 10) in base 13?
1b4
-12314 (base 5) to base 9
-1275
Convert -406 (base 12) to base 9.
-716
What is 41321 (base 6) in base 16?
1591
Convert 4ce (base 16) to base 2.
10011001110
Convert -11124 (base 6) to base 4.
-120130
Convert -13250 (base 7) to base 12.
-208b
What is -26cb (base 14) in base 12?
-3b63
Convert 1a (base 15) to base 14.
1b
12022 (base 4) to base 8
612
2212222 (base 4) to base 10
10666
Convert 3770 (base 10) to base 14.
1534
-222210 (base 3) to base 15
-333
Convert -2100222 (base 3) to base 4.
-122333
What is -775 (base 14) in base 6?
-10455
Convert -c91 (base 14) to base 2.
-100110101111
What is 101111010 (base 2) in base 13?
231
What is e59 (base 16) in base 4?
321121
Convert 23246 (base 7) to base 5.
142323
-121 (base 4) to base 5
-100
Convert 100000 (base 5) to base 9.
4252
Convert -32db (base 14) to base 12.
-5129
-1979 (base 10) to base 2
-11110111011
Convert -4073 (base 11) to base 10.
-5404
36b (base 14) to base 3
221022
What is 1000 (base 4) in base 13?
4c
What is -2f52 (base 16) in base 14?
-45b4
What is 101001111100 (base 2) in base 9?
3612
Convert -200102 (base 3) to base 7.
-1310
-10110100 (base 2) to base 11
-154
What is 4366 (base 10) in base 14?
183c
Convert 2343 (base 5) to base 10.
348
Convert 1000111001 (base 2) to base 14.
2c9
-60b (base 13) to base 15
-485
-3c5 (base 14) to base 3
-1001012
What is -3026 (base 8) in base 7?
-4354
230166 (base 7) to base 11
28815
What is -544 (base 13) in base 6?
-4101
Convert -112021102 (base 3) to base 4.
-2202212
Convert -156 (base 12) to base 15.
-e0
-202 (base 16) to base 15
-244
123 (base 13) to base 4
3012
-78b9 (base 13) to base 7
-100136
334413 (base 5) to base 6
130522
-101010101110 (base 2) to base 3
-10202021
Convert -1400 (base 6) to base 8.
-550
Convert -10a (base 14) to base 11.
-178
What is 8696 (base 12) in base 13?
6978
Convert -15a5a (base 13) to base 5.
-2310221
What is -841 (base 10) in base 15?
-3b1
What is -213415 (base 6) in base 2?
-100010011110011
4163 (base 7) to base 8
2672
1324 (base 6) to base 4
11110
Convert -1075 (base 10) to base 3.
-1110211
Convert -412 (base 12) to base 2.
-1001001110
What is 1a7 (base 14) in base 10?
343
-1200 (base 11) to base 4
-120211
5142 (base 6) to base 13
69b
Convert ac (base 16) to base 10.
172
What is -13e (base 15) in base 6?
-1152
What is -1231 (base 12) in base 11?
-15a7
102 (base 6) to base 7
53
Convert 2013031 (base 4) to base 10.
8653
-40040 (base 5) to base 11
-1991
What is 1bc0 (base 16) in base 7?
26466
What is -1200 (base 7) in base 4?
-12321
What is -189 (base 16) in base 4?
-12021
Convert 831 (base 9) to base 8.
1244
What is 15135 (base 7) in base 12?
2513
What is -1030345 (base 6) in base 13?
-1a0b7
Convert 708 (base 9) to base 8.
1077
1784 (base 12) to base 14
1068
-10111010101111 (base 2) to base 11
-8a85
-1830 (base 15) to base 4
-1101210
What is -3a5 (base 15) in base 9?
-1122
What is -1000111111 (base 2) in base 12?
-3bb
10110000100100 (base 2) to base 13
51b3
What is 1c1 (base 15) in base 2?
110010110
1012211110 (base 3) to base 16
5d7e
-221133 (base 4) to base 12
-1653
What is -1110001100100110 (base 2) in base 10?
-58150
What is -23340 (base 6) in base 4?
-310230
What is -20520 (base 7) in base 6?
-35233
Convert -742 (base 13) to base 8.
-2325
5256 (base 7) to base 6
12330
-1c1c (base 15) to base 16
-17d6
Convert 4483 (base 10) to base 9.
6131
5567 (base 8) to base 12
1847
9577 (base 10) to base 3
111010201
-100001111111 (base 2) to base 3
-2222120
11110 (base 3) to base 5
440
799 (base 10) to base 2
1100011111
Convert 132333 (base 4) to base 7.
5532
What is -1163 (base 10) in base 13?
-6b6
What is 3335 (base 16) in base 9?
18875
-364 (base 14) to base 9
-831
What is -7009 (base 11) in base 6?
-111102
What is 5107 (base 11) in base 8?
15177
3212 (base 5) to base 9
530
1032 (base 14) to base 10
2788
What is -15043 (base 6) in base 9?
-3260
-55447 (base 9) to base 7
-212224
What is 3ea4 (base 15) in base 6?
142101
Convert 20111 (base 8) to base 11.
6234
-414 (base 15) to base 2
-1110010111
Convert -669 (base 15) to base 13.
-876
What is 131632 (base 7) in base 10?
24670
-61c4 (base 13) to base 15
-400b
Convert -480 (base 10) to base 14.
-264
Convert 1232331 (base 4) to base 5.
211401
What is -104013 (base 5) in base 14?
-1477
What is -2458 (base 10) in base 4?
-212122
What is -1ca (base 14) in base 3?
-111212
What is -253d (base 16) in base 6?
-112045
Convert 977 (base 14) to base 9.
2506
What is -18348 (base 11) in base 16?
-6468
Convert -1830 (base 10) to base 15.
-820
Convert 10d (base 15) to base 13.
154
What is -1b8 (base 13) in base 7?
-635
2014 (base 13) to base 4
1010323
-15c (base 16) to base 3
-110220
-48e6 (base 16) to base 7
-105260
-2325 (base 8) to base 16
-4d5
What is 1022122 (base 3) in base 5?
12322
What is 266c (base 15) in base 6?
101550
Convert 352 (base 11) to base 3.
120120
5111 (base 9) to base 8
7230
7937 (base 16) to base 8
74467
Convert 25631 (base 10) to base 16.
641f
Convert 9747 (base 11) to base 3.
122122221
-88c2 (base 14) to base 6
-301402
What is -f9 (base 16) in base 10?
-249
4fe (base 16) to base 8
2376
What is 2122 (base 5) in base 15?
142
What is -2124 (base 5) in base 4?
-10201
What is 12113 (base 6) in base 16?
6ed
What is 3531 (base 6) in base 8?
1517
Convert -11820 (base 11) to base 3.
-212021020
127 (base 8) to base 14
63
What is -460 (base 8) in base 10?
-304
What is 4e1e (base 15) in base 8?
40447
Convert 22121002 (base 3) to base 14.
23d8
Convert 111120 (base 4) to base 13.
813
What is 24270 (base 9) in base 7?
65262
Convert -12 (base 12) to base 11.
-13
Convert 1006 (base 7) to base 9.
427
401 (base 7) to base 10
197
What is -240 (base 5) in base 14?
-50
What is -10100 (base 2) in base 16?
-14
Convert 1100000110 (base 2) to base 9.
1050
-1946 (base 13) to base 8
-7300
What is -6552 (base 7) in base 9?
-3180
What is -1202 (base 6) in base 14?
-16a
What is 6539 (base 14) in base 13?
7c6a
Convert -161 (base 11) to base 7.
-356
-1333300 (base 4) to base 12
-4894
264 (base 8) to base 5
1210
Convert 200133 (base 5) to base 8.
14225
Convert 123212 (base 7) to base 5.
1211440
Convert 32443 (base 9) to base 12.
10540
594 (base 12) to base 15
3a7
Convert bb8a (base 12) to